he greatest common factor of 211762 and 226?
226
What is the highest common divisor of 329152 and 5560?
1112
What is the highest common divisor of 80790 and 360?
30
What is the highest common factor of 156 and 468364?
52
Calculate the highest common factor of 35541 and 1716.
33
Calculate the highest common factor of 91 and 1410227.
91
What is the highest common factor of 2624 and 138088?
328
Calculate the greatest common factor of 2804774 and 14.
14
What is the greatest common divisor of 2387913 and 33?
33
Calculate the greatest common factor of 3993662 and 1082.
1082
What is the greatest common factor of 1950 and 908180?
130
Calculate the highest common factor of 2500 and 79375.
625
What is the greatest common factor of 835688 and 224?
56
Calculate the greatest common factor of 439 and 17.
1
What is the greatest common divisor of 290 and 5974?
58
Calculate the highest common divisor of 576 and 88.
8
What is the highest common divisor of 96 and 10596?
12
Calculate the highest common factor of 33 and 93335.
11
Calculate the highest common divisor of 2262381 and 1611.
537
What is the highest common factor of 37245 and 34905?
195
What is the greatest common factor of 273720 and 60?
60
Calculate the highest common divisor of 63 and 21000.
21
What is the highest common divisor of 20228 and 156?
52
What is the greatest common divisor of 60034 and 338?
26
Calculate the greatest common divisor of 11076 and 23856.
852
What is the greatest common divisor of 375 and 1365?
15
Calculate the highest common factor of 147010 and 190.
10
What is the greatest common divisor of 34716 and 1716?
132
Calculate the greatest common divisor of 10861609 and 407.
407
Calculate the highest common factor of 11 and 259237.
11
Calculate the greatest common factor of 91739 and 461.
461
What is the highest common divisor of 765 and 2346?
51
Calculate the greatest common factor of 36375 and 194.
97
What is the greatest common divisor of 6357190 and 70?
70
Calculate the highest common factor of 200 and 26100.
100
What is the highest common factor of 39 and 2997?
3
What is the highest common divisor of 82 and 18778?
82
Calculate the greatest common factor of 1162510 and 707.
101
What is the highest common factor of 5698 and 13727?
259
What is the greatest common divisor of 25662 and 1410?
282
Calculate the highest common divisor of 245 and 1127.
49
Calculate the greatest common factor of 3690 and 5175.
45
Calculate the highest common factor of 2214060 and 60.
60
Calculate the highest common divisor of 14787 and 795212.
1643
Calculate the highest common factor of 210 and 15310.
10
What is the greatest common divisor of 80676 and 384?
12
Calculate the greatest common divisor of 361711 and 7.
7
What is the highest common divisor of 20 and 114770?
10
What is the highest common divisor of 28 and 305116?
28
Calculate the highest common divisor of 2938 and 2782.
26
Calculate the highest common divisor of 87 and 33321.
87
Calculate the highest common divisor of 72 and 102177.
9
Calculate the greatest common factor of 1358 and 15722.
14
Calculate the greatest common divisor of 17556 and 26936.
28
What is the greatest common divisor of 6325 and 106766?
253
What is the greatest common divisor of 781 and 60313?
11
What is the greatest common divisor of 36 and 176724?
36
Calculate the highest common divisor of 2754229 and 701.
701
Calculate the greatest common divisor of 123580 and 444.
148
Calculate the greatest common factor of 814 and 110.
22
What is the greatest common divisor of 832 and 5044?
52
Calculate the highest common factor of 10000 and 1600.
400
Calculate the greatest common divisor of 505286 and 456.
38
What is the highest common factor of 15488 and 24?
8
Calculate the highest common divisor of 2848 and 19135.
89
Calculate the highest common factor of 990 and 25850.
110
What is the greatest common divisor of 1837 and 52888?
11
Calculate the greatest common divisor of 68 and 314.
2
Calculate the greatest common divisor of 411 and 2322150.
411
Calculate the greatest common divisor of 2467 and 2395457.
2467
What is the greatest common divisor of 10351 and 1496?
11
Calculate the greatest common divisor of 5092 and 373994.
134
What is the highest common factor of 18718 and 8786?
382
What is the highest common divisor of 228 and 223092?
12
What is the greatest common factor of 1380 and 2567490?
690
What is the greatest common divisor of 36567 and 7648?
239
What is the greatest common factor of 74537 and 57?
19
Calculate the highest common divisor of 42 and 233212.
14
What is the highest common divisor of 14 and 88522?
14
What is the highest common divisor of 18 and 951732?
18
What is the greatest common factor of 135202 and 4?
2
Calculate the highest common factor of 57390 and 15.
15
Calculate the highest common divisor of 6 and 74262.
6
Calculate the highest common factor of 351 and 16068.
39
What is the greatest common divisor of 159727 and 211?
211
Calculate the highest common divisor of 62 and 4042369.
31
What is the greatest common factor of 7531 and 204?
17
Calculate the highest common divisor of 1941 and 2922.
3
What is the highest common factor of 24 and 54456?
24
What is the highest common divisor of 45 and 55?
5
Calculate the greatest common divisor of 34 and 4808.
2
What is the greatest common divisor of 2169723 and 723?
723
What is the greatest common factor of 460 and 10575170?
230
Calculate the highest common divisor of 6 and 754114.
2
Calculate the greatest common divisor of 90337 and 13.
13
What is the greatest common factor of 7347770 and 1910?
1910
What is the greatest common factor of 776007 and 3321?
1107
Calculate the greatest common factor of 1064 and 39634.
266
Calculate the greatest common divisor of 90 and 20850.
30
Calculate the greatest common factor of 112 and 41636.
28
Calculate the highest common factor of 319454 and 1688.
422
What is the greatest common factor of 4469124 and 48?
12
Calculate the highest common factor of 18 and 28878.
6
Calculate the highest common factor of 309 and 402009.
309
What is the highest common divisor of 17312 and 9197?
541
Calculate the highest common divisor of 34289 and 2227.
17
Calculate the greatest common divisor of 253 and 477664.
253
What is the highest common factor of 12579 and 588?
21
Calculate the greatest common factor of 29000 and 4300.
100
Calculate the highest common divisor of 1890905 and 8351.
1193
What is the highest common factor of 12 and 93981?
3
What is the greatest common factor of 1599 and 3705?
39
What is the highest common factor of 1383504 and 48?
48
What is the highest common factor of 191439 and 8811?
801
What is the greatest common factor of 129247 and 842?
421
What is the highest common factor of 26 and 108?
2
Calculate the greatest common factor of 43473 and 2451.
129
Calculate the highest common divisor of 140 and 35.
35
Calculate the greatest common factor of 3079109 and 11.
11
What is the greatest common divisor of 264 and 42216?
24
What is the highest common divisor of 2332 and 2816?
44
What is the highest common divisor of 2257 and 2989?
61
What is the highest common divisor of 27020 and 658?
14
Calculate the highest common factor of 43098 and 88.
22
Calculate the highest common factor of 593 and 2617502.
593
What is the highest common factor of 344 and 115756?
172
Calculate the greatest common factor of 53322 and 84.
6
Calculate the highest common factor of 47930 and 10.
10
Calculate the highest common divisor of 23600 and 46610.
590
What is the highest common divisor of 40503 and 207?
69
Calculate the highest common factor of 62762 and 224.
14
Calculate the greatest common divisor of 29223 and 306.
153
Calculate the highest common divisor of 24 and 65896.
8
Calculate the greatest common factor of 364 and 30004.
52
What is the greatest common divisor of 279036 and 6?
6
Calculate the greatest common factor of 5932 and 28.
4
Calculate the greatest common factor of 9569 and 2081941.
1367
Calculate the highest common divisor of 126976 and 608.
32
Calculate the highest common divisor of 571730 and 20.
10
Calculate the highest common divisor of 89421 and 369.
123
Calculate the highest common factor of 15 and 319695.
15
Calculate the highest common factor of 126975 and 195.
15
What is the g